re the prime factors of 78441803?
11, 1613, 4421
List the prime factors of 232161108.
2, 3, 31, 624089
List the prime factors of 8331845.
5, 29, 37, 1553
What are the prime factors of 4252166486?
2, 20939, 101537
List the prime factors of 71513731.
71513731
What are the prime factors of 3345072182?
2, 11969, 139739
What are the prime factors of 15430707?
3, 229, 7487
List the prime factors of 814720145.
5, 23, 31, 173, 1321
What are the prime factors of 110988437?
7, 15855491
List the prime factors of 69797325.
3, 5, 13, 17, 4211
What are the prime factors of 1008269343?
3, 2099, 17791
What are the prime factors of 115204175?
5, 229, 20123
List the prime factors of 316892141.
53, 5979097
What are the prime factors of 278643791?
61, 4567931
What are the prime factors of 43072496?
2, 619, 4349
List the prime factors of 98717062.
2, 17, 2903443
List the prime factors of 4012060363.
73, 1709, 32159
List the prime factors of 1753587378.
2, 3, 2851, 34171
What are the prime factors of 176131512?
2, 3, 2446271
What are the prime factors of 5573096537?
2207, 2525191
What are the prime factors of 24735988?
2, 61, 101377
List the prime factors of 1453196254.
2, 73, 9953399
List the prime factors of 3611541.
3, 331, 3637
What are the prime factors of 72966349?
29, 181, 13901
What are the prime factors of 1196077949?
11, 19, 47, 121763
List the prime factors of 3143008056.
2, 3, 67, 1954607
List the prime factors of 139485805.
5, 139, 200699
What are the prime factors of 47275412?
2, 137, 86269
List the prime factors of 2043818454.
2, 3, 2399, 141991
List the prime factors of 1513458307.
271, 5584717
List the prime factors of 337098550.
2, 5, 53, 127207
What are the prime factors of 646759269?
3, 13, 1842619
List the prime factors of 33644594.
2, 109, 154333
What are the prime factors of 47063682?
2, 3, 53, 49333
List the prime factors of 1091943375.
3, 5, 359, 8111
List the prime factors of 332378865.
3, 5, 7, 13, 23, 3529
List the prime factors of 7977251.
23, 127, 2731
List the prime factors of 35463817.
35463817
What are the prime factors of 116980601?
137, 853873
List the prime factors of 194249025.
3, 5, 139, 6211
List the prime factors of 17537785.
5, 31, 113147
List the prime factors of 356804695.
5, 13, 151, 36353
What are the prime factors of 1938797630?
2, 5, 7, 11, 2517919
What are the prime factors of 1657502745?
3, 5, 110500183
What are the prime factors of 440812052?
2, 7321, 15053
What are the prime factors of 53053645?
5, 1291, 8219
List the prime factors of 66071400.
2, 3, 5, 110119
List the prime factors of 1321998916.
2, 7, 41, 28087
List the prime factors of 1754302219.
41, 2111, 20269
List the prime factors of 632727686.
2, 316363843
List the prime factors of 7608372269.
457, 16648517
What are the prime factors of 93540873?
3, 31180291
List the prime factors of 1295102770.
2, 5, 13, 766333
List the prime factors of 10122360.
2, 3, 5, 67, 1259
What are the prime factors of 54273846?
2, 3, 11, 149, 5519
What are the prime factors of 1255679261?
26417, 47533
List the prime factors of 812129738.
2, 7, 58009267
What are the prime factors of 138502240?
2, 5, 865639
List the prime factors of 169118867.
19, 1777, 5009
What are the prime factors of 2814864960?
2, 3, 5, 2932151
What are the prime factors of 319699112?
2, 1801, 22189
What are the prime factors of 22348866?
2, 3, 179, 20809
List the prime factors of 524798834.
2, 7, 107, 223, 1571
What are the prime factors of 20817197?
17, 283, 4327
What are the prime factors of 124498759?
7, 11, 31, 7451
List the prime factors of 2588950175.
5, 7, 14794001
What are the prime factors of 230903310?
2, 3, 5, 11, 37, 18911
What are the prime factors of 914795273?
7, 79, 1654241
What are the prime factors of 486900762?
2, 3, 81150127
List the prime factors of 36237432.
2, 3, 7, 11, 19609
What are the prime factors of 8516962?
2, 83, 51307
What are the prime factors of 58756258?
2, 11, 2670739
What are the prime factors of 468548588?
2, 19, 6165113
List the prime factors of 38338717.
1721, 22277
What are the prime factors of 517767905?
5, 103553581
List the prime factors of 164133501.
3, 7, 383, 20407
List the prime factors of 347918179.
7, 7100371
What are the prime factors of 65214743?
11, 953, 6221
List the prime factors of 3777592.
2, 7, 13, 5189
List the prime factors of 41268977.
149, 173, 1601
What are the prime factors of 75962144?
2, 53, 44789
List the prime factors of 511329320.
2, 5, 313, 40841
What are the prime factors of 177156712?
2, 22144589
List the prime factors of 1621255651.
229, 7079719
What are the prime factors of 28510166?
2, 14255083
List the prime factors of 66923091.
3, 826211
What are the prime factors of 1682899468?
2, 420724867
What are the prime factors of 29396155?
5, 5879231
List the prime factors of 101161297.
71, 101, 14107
What are the prime factors of 10034351?
43, 233357
List the prime factors of 1271336606.
2, 10141, 62683
What are the prime factors of 989004068?
2, 13, 19019309
List the prime factors of 395368495.
5, 37, 359, 5953
List the prime factors of 232324203.
3, 1489, 52009
What are the prime factors of 46026991?
46026991
List the prime factors of 44406554.
2, 547, 40591
List the prime factors of 1186660195.
5, 7, 53, 91387
List the prime factors of 180513101.
127, 151, 9413
What are the prime factors of 6642656?
2, 41, 61, 83
List the prime factors of 43823506.
2, 41, 73, 7321
List the prime factors of 25455350.
2, 5, 311, 1637
What are the prime factors of 1287875960?
2, 5, 7, 4599557
What are the prime factors of 1314064577?
7, 173, 619, 1753
List the prime factors of 31470127.
13, 2420779
List the prime factors of 2120189005.
5, 11, 19, 73, 27793
What are the prime factors of 6745131871?
17, 59, 761, 8837
List the prime factors of 14179354.
2, 7, 1012811
List the prime factors of 52711615.
5, 11, 958393
What are the prime factors of 688481340?
2, 3, 5, 19, 603931
What are the prime factors of 42016310?
2, 5, 7, 600233
List the prime factors of 115840475.
5, 1567, 2957
List the prime factors of 2441139065.
5, 2549, 191537
What are the prime factors of 24743600?
2, 5, 7, 8837
List the prime factors of 4064117184.
2, 3, 101, 69859
List the prime factors of 506975144.
2, 13, 911, 5351
List the prime factors of 1745515904.
2, 11, 137, 9049
What are the prime factors of 118686488?
2, 103, 144037
List the prime factors of 433611476.
2, 421, 257489
List the prime factors of 4348549946.
2, 13, 167251921
What are the prime factors of 1750928010?
2, 3, 5, 13, 4489559
What are the prime factors of 603719192?
2, 75464899
What are the prime factors of 576847084?
2, 11, 23, 647, 881
What are the prime factors of 3110909?
103, 30203
List the prime factors of 35351542.
2, 389, 45439
What are the prime factors of 561207540?
2, 3, 5, 277, 33767
List the prime factors of 192601148.
2, 67, 718661
What are the prime factors of 295791738?
2, 3, 11, 17, 113, 2333
List the prime factors of 15155662.
2, 7577831
List the prime factors of 227887102.
2, 19, 41, 107, 1367
List the prime factors of 287126023.
3761, 76343
What are the prime factors of 26757494?
2, 89, 150323
List the prime factors of 42126099.
3, 14042033
List the prime factors of 110810415.
3, 5, 7387361
What are the prime factors of 1065739499?
11, 113, 883, 971
List the prime factors of 103170939.
3, 23, 1495231
What are the prime factors of 35105456?
2, 739, 2969
List the prime factors of 165983665.
5, 17, 37, 89, 593
List the prime factors of 34493394.
2, 3, 13, 47, 97
List the prime factors of 1366212693.
3, 455404231
List the prime factors of 23381080.
2, 5, 149, 3923
List the prime factors of 1006548485.
5, 2081, 96737
What are the prime factors of 578222039?
29, 1063, 18757
What are the prime factors of 6393999?
3, 107, 19919
What are the prime factors of 54833533?
54833533
What are the prime factors of 3994320866?
2, 19, 37, 2840911
List the prime factors of 367981184.
2, 17, 263, 643
List the prime factors of 14389705.
5, 11, 261631
What are the prime factors of 2048686032?
2, 3, 41, 877, 1187
List the prime factors of 745024189.
7, 13, 157, 52147
What are the prime factors of 4187501891?
51347, 81553
What are the prime factors of 23643712?
2, 83, 4451
List the prime factors of 460113234.
2, 3, 7,